d?
5
Let p = -1 - -6. Suppose p*l = 29 + 21. What is the units digit of l?
0
Let q = 5 + -7. Let p be q/(-9) - (-86)/18. Suppose p = 4*h - 19. What is the units digit of h?
6
Let f = 492 - 86. What is the units digit of f?
6
Let a(w) = w**2 - w. Let y(o) = -4*o**2 + o - 6. Let g(n) = 5*a(n) + y(n). Suppose 3*v - 3*m = -2*m + 23, 4*m = 3*v - 38. What is the units digit of g(v)?
6
What is the tens digit of 183/6 + (-7)/14?
3
Let q be 116/20 + (-2)/(-10). Let v = -1 - q. What is the units digit of (-5)/5*v*2?
4
Suppose -c = -5*c + 112. What is the tens digit of c?
2
Let k be 10/(-35) - 60/(-14). Suppose k*a - 6 = 6. What is the units digit of a?
3
Let r(l) = -l**2 - 6*l - 3. Let h be r(-2). Suppose -z = h*x + 3 - 29, 28 = 3*z + 5*x. What is the units digit of z?
1
Let k be (-1)/2 - (-22)/4. Suppose k*m + 65 = 5*z, -8*z + 3*z + 3*m + 67 = 0. What is the units digit of z?
4
Suppose -w - o + 16 = 0, -4*w + 20 + 26 = -2*o. Let a = 22 - w. What is the units digit of a?
9
Let z = 15 + -10. Let y(q) = 10*q + 2. What is the tens digit of y(z)?
5
Let o(j) = 15*j. What is the hundreds digit of o(9)?
1
Let q = 20 + 64. What is the units digit of q?
4
Let a = 9 - 3. What is the units digit of a?
6
Suppose 0 = -2*d + 52 + 8. Let c = -12 + d. What is the tens digit of c?
1
Suppose 0 = d + 4*d - 50. Let j = 13 - d. What is the units digit of j?
3
Let b be 4/(-16) + (-4)/(-16). Suppose b = 2*i - 5*c - 96, -4*i + c + 164 = 5*c. What is the units digit of i?
3
Let x(p) = p + 10. Let g = 54 + -24. Suppose s - 6*s - g = 0. What is the units digit of x(s)?
4
Let o = 13 - 8. Suppose -a + 26 - o = 3*w, -18 = -5*w + 4*a. What is the units digit of w?
6
What is the units digit of 2604/18 + 2/6?
5
Let y(z) = -z**2 - 4*z - 1. Let k be y(-3). Suppose k*j - 27 = -j. What is the units digit of j?
9
Let z(c) = c. Let r be z(3). Suppose 0 = 3*f - r. Suppose 2*n - 3 = f. What is the units digit of n?
2
Let l(x) = x**2 - 10*x - 5. What is the hundreds digit of l(18)?
1
Suppose 0 = -3*y + 5*y - 4. What is the units digit of ((-3)/y)/((-21)/350)?
5
Let m(p) = -p**3 + 8*p**2 + 2*p - 8. Let y be 4*2*(0 - -1). What is the units digit of m(y)?
8
Let q(l) = -2*l + 8. Let w be q(3). Suppose 5 = z + 3*k, -k - 19 = -2*z + w*k. What is the units digit of z?
8
Suppose 2*a = 2*t - 0*a - 8, -2*t - 5*a + 15 = 0. Suppose -d = -0*d - 4*v - 28, -5*d - t*v = -15. Let k(p) = -p**2 + 8*p + 3. What is the units digit of k(d)?
3
Let z(n) = -3*n**3 + 13*n**2 + 10*n + 10. Let l(f) = -f**3 + 4*f**2 + 3*f + 3. Let p(d) = -7*l(d) + 2*z(d). What is the units digit of p(3)?
5
Suppose -5*z + 6*i - i = -40, 8 = -z - 3*i. Let n = z + 0. Suppose -2*p + 3*c + 10 = -p, 0 = n*p - 2*c - 30. What is the units digit of p?
7
Let d(j) = 3*j - 4. Let g be d(5). Let w = -2 + g. What is the units digit of w?
9
Suppose 21*j = 19*j. Suppose k - 33 = -j*k. What is the units digit of k?
3
Let s be 6 + (-3 - (3 - 3)). Suppose -2*f - 47 = -s*f. What is the tens digit of f?
4
What is the tens digit of 34/1 - (2 - (-4 - -3))?
3
Suppose -20 = -5*p + 25. Suppose -25 = -z - p. What is the tens digit of z?
1
Suppose 2*g - 4 = 0, 0*l - 5*g = l + 10. What is the units digit of (-2)/(-3) - l/15?
2
Suppose 25 = 5*z + 2*s + s, -4*z - 17 = -5*s. Suppose 4*j = z*j + 2. What is the units digit of j?
1
Let u(t) = -t**3 + 5*t**2 + 5*t + 7. Let w be u(6). Suppose -3*r + 3 + 0 = 0. Let j = w + r. What is the units digit of j?
2
What is the units digit of -6*((-64)/(-12))/(-2)?
6
Let h be ((-4)/3)/(1/(-24)). Suppose -2*x - 5*z = -0*z - 32, h = 4*x + 2*z. Suppose -v = -2*v + x. What is the units digit of v?
6
Let j(d) = 3*d**2 + 2*d + 27. Let c(n) = -5*n**2 - 3*n - 41. Let q(h) = -5*c(h) - 8*j(h). What is the units digit of q(7)?
1
Suppose 0*r - 3*r = -9. Suppose -s = 7*o - 2*o - 20, -2*s + r*o = -1. Suppose -72 = -2*t - 2*t + 5*m, -2*m + s = t. What is the units digit of t?
3
Let s = 13 + 2. What is the units digit of s?
5
Let i be 2/12*3*0. Suppose i*l - 5 = -w - 4*l, -4*l = -3*w + 31. What is the units digit of w?
9
Suppose 37 + 8 = 5*y - 5*v, 2*y + v = 3. Suppose 123 = y*x - 57. What is the tens digit of x?
4
Suppose -5*p + 19 = 2*w, w - 24 = -2*w - 3*p. What is the units digit of w?
7
Let h(b) = b - 5. Let i = -9 + 14. Let l be h(i). Suppose l*x = o + x - 4, -2*o + 28 = -3*x. What is the units digit of o?
8
Suppose 0 = 4*s - 0*s - 16. Let b = s + -3. What is the units digit of 12/5*(b - -4)?
2
Let s(o) be the third derivative of -5*o**4/24 + o**3/6 - 3*o**2. What is the units digit of s(-3)?
6
Suppose -j + 0*j + 5 = 0. What is the units digit of j?
5
Let q(h) = h**3 - 2*h**2 + 2*h - 1. Let n be q(2). Suppose -n*x + 78 = -5*a, -x - 10 = 3*a - 22. What is the units digit of ((-2)/3)/(-2)*x?
7
Suppose -o + 28 = 6*o. What is the units digit of o?
4
Suppose 0 = -g - 3*g. Let v = g - -3. What is the units digit of v?
3
Let w(y) = -7*y + 1. Let k be w(-2). Suppose -3*r + k = -0. Suppose r = j + 3. What is the units digit of j?
2
What is the units digit of (-2)/(-6) - (-276)/36?
8
Let t(j) = -109*j - 11. What is the tens digit of t(-2)?
0
Suppose 3*o - 4*o = -105. Let c = o + -56. What is the units digit of c?
9
Let i(x) = -x + 3. Let v be i(9). What is the tens digit of 103/5 + v/10?
2
Let s = -18 - -60. What is the tens digit of s?
4
Let g be (5 + -3)/((-2)/110). Let s = g + 185. Suppose 3*k = 5*m + s, -58 = -5*k - 4*m + 30. What is the tens digit of k?
2
Let m(x) = 2*x - 1. Let q be m(8). Suppose -2*t + q = 3*t, -4*a + 13 = -t. What is the units digit of a?
4
Suppose -3*n - 12 = 5*s, 4*s + 7*n + 8 = 3*n. What is the units digit of (s/6)/(2/(-4))?
1
Suppose 18*c - 23*c + 120 = 0. What is the tens digit of c?
2
Let z = -54 + 77. Let c = 6 + -20. Let t = z + c. What is the units digit of t?
9
Let h = 28 - 12. Suppose 2*c = -4*o - h, -o + 4*c = -0*o + 4. Let q = o + 15. What is the units digit of q?
1
Let i(z) be the third derivative of -z**5/30 + z**3/3 + z**2. Let d(o) be the first derivative of i(o). What is the units digit of d(-2)?
8
Suppose -5 = 5*n + 2*w - 7*w, 2*w + 2 = 0. What is the units digit of n/(-2)*(-3 + 4)?
1
Let m(c) = -19*c + 1. What is the tens digit of m(-1)?
2
Let r = 6 + -10. What is the tens digit of r/26 + (-920)/(-65)?
1
Let x(t) = -137*t + 11. What is the units digit of x(-1)?
8
Let r(d) = d + 16. Let x be r(0). Let j(t) = 4*t - 5*t + 2*t + 0*t + x. What is the units digit of j(0)?
6
Let w = -152 + 372. What is the hundreds digit of w?
2
Let o = -4 + 9. Suppose -10 = -5*w + o. Suppose w*a = -2*x + 25, 2*a + a - 29 = -x. What is the units digit of a?
1
Let f(t) = -2*t**2 + 52*t + 13. What is the units digit of f(26)?
3
Let j = 6 - -6. Let c = j - 4. Suppose -4*l + c*l - 32 = 0. What is the units digit of l?
8
Suppose -4*a = 3*c - 169 - 231, -3*c + 398 = 5*a. What is the tens digit of c?
3
Let t(b) be the first derivative of b**2/2 - 2*b - 2. What is the units digit of t(7)?
5
Let a = -6 - -8. Suppose a = -3*j + 17. What is the units digit of j?
5
Let h(u) = u**2. Let k be h(2). Let z(f) = -4 + 2 + 4*f + 5*f**2 + f + f**3 - k*f. What is the units digit of z(-2)?
8
Let s(p) = 6*p - 4. What is the units digit of s(6)?
2
Suppose 0*t - 3*w + 158 = -t, t + 4*w + 172 = 0. What is the units digit of t/(-9) + 20/(-90)?
8
Let v be (10/3)/((-1)/(-9)). What is the tens digit of 4/v - 2926/(-105)?
2
Let c = -71 + 126. What is the units digit of c?
5
Let t(r) = -r**2 + 6*r - 4. What is the units digit of t(3)?
5
Let z(f) = -f**2 - f - 1. Let q be z(2). Let l = 0 - 0. Let i = l - q. What is the units digit of i?
7
Let n be (-3)/6*1*-20. Suppose 2*d - 26 = -5*s, -3*d - 2*d - n = 0. Let f = 13 - s. What is the units digit of f?
7
Let q = -11 + 14. Suppose -q*r = n - 3*n + 60, -60 = -2*n + 2*r. What is the units digit of n?
0
Let z be (-55 - 0) + 10 + -11. Let l be 1 - (-1 + 1 + 41). Let b = l - z. What is the tens digit of b?
1
Let u be 2 + 1 + -4 + 2. Let d be 1/(-3) + 4/(-6). Let m = u - d. What is the units digit of m?
2
Let h be (-3)/(-1*(-1)/(-3)). Suppose -4*x - 4*y = -y - h, -x = 5*y + 19. What is the units digit of x?
6
Let m be 7*3/(-3) - -1. Let d(u) = -u - 4. What is the units digit of d(m)?
2
Suppose 0 = -3*p + r, -3*p + r - 9 = 3*r. Let w = p + 5. What is the tens digit of 43/w - 4/(-16)?
1
Suppose 0 = 2*g - g - 11. What is th